 are the prime factors of x?
3, 19
Suppose 5*i - 3441 = -151. List the prime factors of i.
2, 7, 47
Let h = 2 - -28. Let r be ((-3)/2)/((-3)/h). Suppose 2*c + d - 59 = 7, -c + r = -4*d. What are the prime factors of c?
31
Let x(y) be the second derivative of -y**3/3 + 29*y**2 - 36*y. What are the prime factors of x(-15)?
2, 11
What are the prime factors of (-45)/2*(-980)/25?
2, 3, 7
Let h = 3084 + 322. List the prime factors of h.
2, 13, 131
Let r(g) = 3*g**2 + 32. Let b be r(6). Suppose 4*k = 4*o + b, -3*o - 22 + 102 = 2*k. List the prime factors of k.
37
Let f(p) be the third derivative of 11*p**6/15 - p**5/60 - p**4/24 + p**3/3 - 11*p**2. Let b be f(1). What are the prime factors of 1/(2/b + 0)?
2, 11
Let k = -23 + 27. List the prime factors of (41 - k) + (3 - -1).
41
Suppose v - 1933 = 66*q - 63*q, 7756 = 4*v - 4*q. What are the prime factors of v?
2, 971
Let i = -4230 + 6445. What are the prime factors of i?
5, 443
Suppose 0 = -2*t - 11*t + 3770. Let y = t - 139. What are the prime factors of y?
151
Suppose -44*v + 34*v + 9230 = 0. List the prime factors of v.
13, 71
List the prime factors of (-11 + 5)*(-2100)/36.
2, 5, 7
Suppose 0*l = 16*l - 6624. List the prime factors of l.
2, 3, 23
Suppose l = -10*j + 12*j + 237, 5*l - 3*j - 1213 = 0. What are the prime factors of l?
5, 7
Let k(a) = -7*a**3 + 2*a + 1. Let s(c) = c**3 - 6*c**2 - 7*c - 1. Let r be s(7). Let t be k(r). What are the prime factors of t/(-9)*30/(-2)?
2, 5
Let p(t) = 5*t**2 + 3*t - 3. Let r = 30 + -18. Let q = r - 15. List the prime factors of p(q).
3, 11
Suppose -5*c + 0*u - 175 = 4*u, -4*u = 20. Let x = -11 - c. Let a = -5 + x. What are the prime factors of a?
3, 5
Suppose -4*p = -3*p - 3. Suppose 3*j = -m + 24, 2*m + p*j = 38 + 22. Suppose -3*s = -4*s + m. List the prime factors of s.
2, 3
Let l(p) = -51*p + 4. Suppose 5*j + 2 = 3*j. What are the prime factors of l(j)?
5, 11
List the prime factors of (155/(-25) + -5)*-35.
2, 7
Let d(n) be the third derivative of n**5/30 - 3*n**4/4 - 2*n**3/3 - 2*n**2. Let i be d(9). List the prime factors of (-3)/i + 244/16.
2
Suppose -a - 2*c = -4, -2*a - 2*c + 3 = -5. Suppose -a*b + 59 = w, 4*w + 3*b - 278 = b. What are the prime factors of w?
71
List the prime factors of 1126 + 8 - 15/(-5).
3, 379
Let n = 361 - -273. List the prime factors of n.
2, 317
Suppose 0 = 405*z - 406*z + 364. What are the prime factors of z?
2, 7, 13
Suppose -4 = -y - y + 2*h, 5*y - 2*h - 22 = 0. Suppose -y*l = 5*l - 1749. List the prime factors of l.
3, 53
Let c(u) = 6*u**2 - 6*u + 14. Let z be c(4). Suppose -3*y + 5*j + 147 = -7*y, j = 2*y + 77. Let x = y + z. List the prime factors of x.
2, 3
Let f = -22 + 21. What are the prime factors of (120/16 - 2*f)*2?
19
Suppose l + 3*l = 136. Let x = l - 18. Suppose -12*v - 156 = -x*v. What are the prime factors of v?
3, 13
Let w(u) = 4*u**2 - 9*u - 25. What are the prime factors of w(-10)?
3, 5, 31
Suppose -d - 4 = -3*d. Suppose -i + 3*t = -3*i + 64, -d*t = 0. List the prime factors of i.
2
Suppose -5*q - 4093 = -4*r - 8*q, 2*r = -3*q + 2039. List the prime factors of r.
13, 79
Let c = 746 + 1942. List the prime factors of c.
2, 3, 7
Let c = 132 + 568. What are the prime factors of c?
2, 5, 7
Let z be -4 + 24/3 - 0. Let v = 3 + -1. Suppose v*p + 43 = h + z*h, 4*h + p = 37. What are the prime factors of h?
3
Suppose 0*l - l = 2*h - 41, 0 = 5*l - 2*h - 181. Let r = l + -55. Let s = 24 + r. What are the prime factors of s?
2, 3
Let g be (12/36)/(2/60). Let s = g + -8. Suppose -36 = -s*i - 2*i. What are the prime factors of i?
3
Let t(g) = -g**3 + 4*g**2 + 6*g - 6. Let s be t(4). List the prime factors of (s/15)/(9/75).
2, 5
Let k(d) be the third derivative of 5*d**4/12 - 7*d**3/6 - 2*d**2. Let w = -28 + 34. List the prime factors of k(w).
53
Let r(n) = -7*n + n**2 + 9*n - 16 + 12*n. List the prime factors of r(-18).
2, 7
Let l(z) = -10*z**3 - 46*z**2 + 67. Let m(c) = -7*c**3 - 31*c**2 + 45. Let a(b) = -5*l(b) + 7*m(b). What are the prime factors of a(-10)?
2, 5, 7
Suppose -24*w + 17*w + 6244 = 0. What are the prime factors of w?
2, 223
Let x = -80 - -3269. What are the prime factors of x?
3, 1063
List the prime factors of 11/33 + (-3984)/(-9).
443
What are the prime factors of 3530/6*(69 - 66)?
5, 353
Suppose 5*q + 3 = 3*v, -1 = -v + q + 3*q. Let d be ((-12)/(-8))/(v/12). What are the prime factors of ((-414)/(-27))/(4/d)?
3, 23
Let f(p) = -9*p - 3. Let o be f(-1). Let n be 1038/(-36) - 1/o. Let a = -15 - n. What are the prime factors of a?
2, 7
Suppose -54*d = -56*d + 990. What are the prime factors of d?
3, 5, 11
Suppose -3*v - 3*v = 144. List the prime factors of (-318)/v - 1/4.
13
Let d be 1 + (-16)/(12/(-3)). Let q(l) = 4*l**2 + l - 3. What are the prime factors of q(d)?
2, 3, 17
Suppose 8*n - 1498 = 3*n + 4*m, 5*n + 5*m = 1480. Suppose 4*c = 3*h + 404, -n = -3*c - h + 2*h. List the prime factors of c.
2, 7
Suppose -d + 56 = d. Let h = d + -8. What are the prime factors of h?
2, 5
Let z(l) = -l**2 - 8*l + 27. Let u be z(-8). Suppose -3*s = 4*f - u - 388, -5*f = -20. What are the prime factors of s?
7, 19
Let v(c) = 126*c**2 + 152*c + 790. List the prime factors of v(-5).
2, 3, 5, 53
Let i = 1006 + -677. What are the prime factors of i?
7, 47
Let i be 1/(-1) - 25/(-5). Suppose 0 = -0*b + 2*b + 3*v - 29, -3*v + 61 = i*b. Suppose -3*o + u - b = -7*o, 3*u - 12 = 0. List the prime factors of o.
3
Suppose 3*j = 3*m + 12, 2*j + 3*j - 14 = -m. Suppose -j*s = s - 564. List the prime factors of s.
3, 47
Suppose -7678 = -5*x + n, 0*n + 5*n - 7690 = -5*x. List the prime factors of x.
2, 3
Suppose 5*a + 125 = 400. Suppose -3*q - a - 26 = 0. Let k = 57 + q. List the prime factors of k.
2, 3, 5
Let s(w) = 3*w**2 - 26*w - 135. List the prime factors of s(-23).
2, 5, 41
Let b be 0/(-1)*(-1)/2. Suppose b = 2*k - 2. List the prime factors of (-29)/(-1 - 0/k).
29
Let y be 362 + -5 + 3 + 3. Suppose -5*h + z + 423 = -474, -2*h = z - y. Suppose 3*w - 3*b - h = 0, -3*b + 69 = w - b. What are the prime factors of w?
3, 7
What are the prime factors of 433 + 3 + -6 + 4?
2, 7, 31
Let x be (12/7)/(16/56). Suppose 28 - 244 = -x*u. List the prime factors of u.
2, 3
Let h = 6758 - 3997. List the prime factors of h.
11, 251
Suppose 0 = -64*u + 55*u + 4779. List the prime factors of u.
3, 59
Let y = -160 + 245. Suppose 5*m - y = -k + 5, -3*k + 350 = -m. Suppose 15*u - k = 10*u. List the prime factors of u.
23
Suppose -2*x - 6 = -16. Suppose 3*p = -x*y + 249, 2*p = -y - 4*y + 161. What are the prime factors of p?
2, 11
Let o = 27 + -17. Let y(w) = w**3 + w**2 - 5*w + 4. Let q be y(1). Let n = q + o. What are the prime factors of n?
11
Let c be 148/(-16) + 6/(-8). List the prime factors of (-3592)/(-20) - 4/c.
2, 3, 5
Let c = -101 + 105. Suppose b + c*b - 181 = -h, 5*h + 3*b = 905. What are the prime factors of h?
181
Let c(v) = 286*v - 102. List the prime factors of c(8).
2, 1093
Suppose 2*f = f. Suppose 5*t + w - 120 = -f*w, 3*w = 15. What are the prime factors of t?
23
Suppose 175 = 2*r + 41*g - 36*g, -5*g = -5*r + 455. What are the prime factors of r?
2, 3, 5
Let z be -6*6*2/2. Let p = z - -118. List the prime factors of p.
2, 41
Suppose 68*v - 552 = 64*v. Suppose v = 2*c + 34. What are the prime factors of c?
2, 13
Let v(x) = x + 4*x - 1 + x - 2. Suppose 0 = -5*i + i - f + 12, 5*i = -3*f + 22. List the prime factors of v(i).
3
Let z(d) = d**3 - 10*d**2 + 9*d - 6. Let m be z(9). Let b = m - 0. List the prime factors of -24*1/(b/9).
2, 3
Let a(p) = 113*p**2 - 88*p + 3. What are the prime factors of a(-6)?
3, 7, 73
Suppose 1116*k - 1107*k = 11925. What are the prime factors of k?
5, 53
Let d(i) = -i**3 + 3*i**2 + 16*i + 13. List the prime factors of d(-10).
1153
Let x = 848 + 227. List the prime factors of x.
5, 43
Suppose 2*r - 3832 = -4*k - 2*r, 2 = -2*r. List the prime factors of k.
7, 137
Let o(y) = 33*y**2 + y + 1. Let g be 45/39 - (-8)/(-52). List the prime factors of o(g).
5, 7
Let i be (51/85)/((-2)/(-30)). Suppose 0 = -8*y + i*y - 130. List the prime factors of y.
2, 5, 13
What are the prime factors of 549/12 - ((-51)/12 - -4)?
2, 23
Let y be -2 + 0 + (-46)/(-2). List the prime factors of (-18)/(-5) + y/(-35).
3
Suppose 9 - 24 = -5*c. Suppose -c*b = -25 - 5. List the prime factors of b.
2, 5
Let h(y) = -y**3 + 5*y**2 + 9*y + 10. Let 